rime factors of 879044?
2, 219761
What are the prime factors of 15290881?
15290881
What are the prime factors of 268105?
5, 29, 43
What are the prime factors of 238550?
2, 5, 13, 367
What are the prime factors of 8690453?
8690453
What are the prime factors of 600161?
383, 1567
What are the prime factors of 780039?
3, 13, 59, 113
What are the prime factors of 2160411?
3, 11, 17, 3851
List the prime factors of 3186301.
821, 3881
List the prime factors of 11864167.
7, 97, 101, 173
What are the prime factors of 889640?
2, 5, 23, 967
List the prime factors of 27693842.
2, 11, 1258811
What are the prime factors of 12690?
2, 3, 5, 47
What are the prime factors of 15380156?
2, 11, 293, 1193
List the prime factors of 592818.
2, 3, 29, 3407
List the prime factors of 2684519.
197, 13627
List the prime factors of 2353037.
107, 21991
What are the prime factors of 204132?
2, 3, 17011
What are the prime factors of 1083178?
2, 541589
What are the prime factors of 107978?
2, 13, 4153
List the prime factors of 63599.
63599
List the prime factors of 4334078.
2, 7, 309577
List the prime factors of 319324.
2, 97, 823
List the prime factors of 246535.
5, 49307
List the prime factors of 582011.
582011
List the prime factors of 116361.
3, 7, 1847
What are the prime factors of 8496105?
3, 5, 73, 7759
What are the prime factors of 1209723?
3, 403241
What are the prime factors of 488422?
2, 11, 149
List the prime factors of 4390819.
157, 27967
List the prime factors of 600727.
600727
What are the prime factors of 242951?
127, 1913
What are the prime factors of 638937?
3, 13, 43, 127
What are the prime factors of 4391220?
2, 3, 5, 163, 449
List the prime factors of 748102.
2, 17, 22003
List the prime factors of 12105255.
3, 5, 807017
What are the prime factors of 808580?
2, 5, 40429
List the prime factors of 5250880.
2, 5, 61, 269
List the prime factors of 7779242.
2, 3889621
What are the prime factors of 16223778?
2, 3, 109, 8269
List the prime factors of 758141.
758141
What are the prime factors of 464204?
2, 13, 79, 113
List the prime factors of 938749.
7, 59, 2273
What are the prime factors of 19330383?
3, 6443461
What are the prime factors of 201175?
5, 13, 619
List the prime factors of 35714.
2, 7, 2551
What are the prime factors of 274799?
7, 37, 1061
What are the prime factors of 9615357?
3, 23, 46451
What are the prime factors of 2154688?
2, 131, 257
What are the prime factors of 164729?
164729
List the prime factors of 603833.
603833
List the prime factors of 21982.
2, 29, 379
List the prime factors of 2766279.
3, 23, 47, 853
List the prime factors of 733556.
2, 183389
What are the prime factors of 258525?
3, 5, 383
What are the prime factors of 1874522?
2, 13, 17, 4241
List the prime factors of 1525098.
2, 3, 157, 1619
What are the prime factors of 3272095?
5, 23, 37, 769
What are the prime factors of 3044227?
1493, 2039
List the prime factors of 558241.
558241
What are the prime factors of 5580545?
5, 47, 23747
List the prime factors of 2555763.
3, 7, 17, 7159
What are the prime factors of 348574?
2, 19, 9173
List the prime factors of 256682.
2, 128341
What are the prime factors of 2145079?
41, 113, 463
What are the prime factors of 376282?
2, 47, 4003
List the prime factors of 4570034.
2, 7, 46633
What are the prime factors of 5034718?
2, 13, 41, 4723
List the prime factors of 438682.
2, 421, 521
List the prime factors of 4479924.
2, 3, 373327
What are the prime factors of 532249?
532249
What are the prime factors of 352775?
5, 103, 137
List the prime factors of 149734.
2, 13, 443
List the prime factors of 1088593.
11, 98963
What are the prime factors of 8634467?
8634467
What are the prime factors of 12895994?
2, 6447997
List the prime factors of 6549032.
2, 7, 83, 1409
What are the prime factors of 224150?
2, 5, 4483
What are the prime factors of 12666546?
2, 3, 503, 1399
List the prime factors of 240667.
7, 34381
What are the prime factors of 4127487?
3, 7, 13, 1163
List the prime factors of 333996.
2, 3, 13, 2141
What are the prime factors of 2585222?
2, 73, 17707
What are the prime factors of 426326?
2, 17, 12539
What are the prime factors of 10694371?
10694371
List the prime factors of 26111447.
26111447
What are the prime factors of 8865223?
271, 32713
List the prime factors of 1962317.
7, 197, 1423
List the prime factors of 470866.
2, 11, 17, 1259
What are the prime factors of 3187931?
3187931
What are the prime factors of 2519731?
2519731
What are the prime factors of 1153107?
3, 31, 4133
What are the prime factors of 13646963?
11, 1033, 1201
List the prime factors of 174129.
3, 58043
What are the prime factors of 2219947?
2219947
What are the prime factors of 14451076?
2, 127, 28447
What are the prime factors of 384818?
2, 7, 27487
List the prime factors of 3528383.
997, 3539
List the prime factors of 3415203.
3, 11, 3833
List the prime factors of 81145.
5, 16229
What are the prime factors of 9727138?
2, 4863569
List the prime factors of 2689688.
2, 336211
List the prime factors of 219094.
2, 109547
What are the prime factors of 1776761?
7, 253823
What are the prime factors of 277446?
2, 3, 13, 3557
List the prime factors of 1495150.
2, 5, 17, 1759
What are the prime factors of 233191?
7, 4759
List the prime factors of 1827587.
263, 6949
What are the prime factors of 1487926?
2, 11, 47, 1439
List the prime factors of 718150.
2, 5, 53, 271
What are the prime factors of 25512092?
2, 37, 223, 773
List the prime factors of 2328959.
101, 23059
List the prime factors of 5551265.
5, 17, 65309
List the prime factors of 15183100.
2, 5, 149, 1019
List the prime factors of 3568059.
3, 11, 23, 1567
List the prime factors of 3402316.
2, 293, 2903
List the prime factors of 881835.
3, 5, 58789
What are the prime factors of 7056355?
5, 1411271
List the prime factors of 383762.
2, 19, 10099
What are the prime factors of 26126400?
2, 3, 5, 5443
What are the prime factors of 319133?
319133
What are the prime factors of 252979?
252979
List the prime factors of 1681783.
23, 73121
List the prime factors of 1569764.
2, 7, 8009
What are the prime factors of 3642720?
2, 3, 5, 7589
List the prime factors of 1758122.
2, 879061
What are the prime factors of 51755?
5, 11, 941
What are the prime factors of 4659056?
2, 291191
What are the prime factors of 2038951?
2038951
What are the prime factors of 173294?
2, 11, 7877
What are the prime factors of 8139669?
3, 2713223
What are the prime factors of 7071942?
2, 3, 677, 1741
What are the prime factors of 256368?
2, 3, 7, 109
What are the prime factors of 201824?
2, 7, 17, 53
What are the prime factors of 4385266?
2, 2192633
What are the prime factors of 52408?
2, 6551
List the prime factors of 478681.
7, 9769
List the prime factors of 4333756.
2, 7, 22111
What are the prime factors of 121818?
2, 3, 79, 257
List the prime factors of 218288.
2, 7, 1949
What are the prime factors of 256091?
11, 31, 751
List the prime factors of 3295093.
17, 239, 811
What are the prime factors of 30242396?
2, 7560599
What are the prime factors of 54954?
2, 3, 43, 71
List the prime factors of 5101281.
3, 103, 5503
What are the prime factors of 3239430?
2, 3, 5, 107981
List the prime factors of 35436996.
2, 3, 7, 20089
List the prime factors of 13717867.
19, 23, 31391
List the prime factors of 223491.
3, 23, 41, 79
What are the prime factors of 814752?
2, 3, 23, 41
What are the prime factors of 16951951?
211, 80341
What are the prime factors of 926212?
2, 7, 19, 1741
What are the prime factors of 187383?
3, 7, 8923
What are the prime factors of 153741?
3, 7, 7321
What are the prime factors of 5062745?
5, 1012549
List the prime factors of 73514.
2, 7, 59, 89
List the prime factors of 27278.
2, 23, 593
What are the prime factors of 143479?
7, 103, 199
What are the prime factors of 1681021?
37, 45433
List the prime factors of 7434098.
2, 7, 43, 53, 233
List the prime factors of 21610406.
2, 10805203
What are the prime factors of 4008566?
2, 17, 117899
List the prime factors of 874834.
2, 109, 4013
List the prime factors of 6044822.
2, 7, 113, 3821
What are the prime factors of 76767?
3, 25589
List the prime factors of 63581.
7, 31, 293
List the prime factors of 79266.
2, 3, 11, 1201
List the prime factors of 88823.
7, 12689
What are the prime factors 